{"id":194622,"date":"2020-04-13T00:04:51","date_gmt":"2020-04-12T22:04:51","guid":{"rendered":"https:\/\/qosmeo.fr\/?post_type=product&#038;p=194622"},"modified":"2021-04-03T09:04:34","modified_gmt":"2021-04-03T07:04:34","slug":"lait-hydro-nettoyant-phyts","status":"publish","type":"product","link":"https:\/\/qosmeo.fr\/index.php\/produit\/lait-hydro-nettoyant-phyts\/","title":{"rendered":"Lait Hydro-Nettoyant Phyts"},"content":{"rendered":"<p><font face=\"Montserrat\">    Onctueux et facile \u00e0 appliquer, il \u00e9limine de l\u2019\u00e9piderme impuret\u00e9s et maquillage. L\u2019originalit\u00e9 de sa formule hydrosoluble permet de le rincer comme un savon tout en gardant une peau douce et lisse. \u00c9mulsion fine, ne laisse pas de traces grasses sur le visage et le cou.<\/p>\n<p>\u2022 Camomille Matricaire* : <strong>adoucit<\/strong>.<br \/>\n\u2022 Passiflore* : <strong>apaise<\/strong>.<br \/>\n\u2022 Ginseng* : <strong>dynamise l\u2019\u00e9clat du teint<\/strong>.<\/p>\n<p>R\u00e9f\u00e9rence : 3760126260043<\/p>\n<p>Matin et \/ou soir, appliquer quelques touches de Lait Hydro-Nettoyant sur l\u2019ensemble du visage et du cou. \u00c9mulsionner-le et rincer-le abondamment \u00e0 l\u2019eau.<br \/>\nTerminer votre nettoyage en tonifiant votre peau avec un Hydrol\u00e9 adapt\u00e9. S\u00e9cher votre peau \u00e0 l\u2019aide d\u2019un mouchoir en papier.<br \/>\n<a href=\"https:\/\/www.cosmebio.org\/fr\/\" rel=\"noopener noreferrer\" target=\"_blank\">cosm\u00e9tiques labellis\u00e9s Cosm\u00e9bio<\/a><\/font><\/p>\n<p>\n","protected":false},"excerpt":{"rendered":"<p><font face=\"Montserrat\">    Matin et \/ou soir, appliquer quelques touches de Lait Hydro-Nettoyant sur l\u2019ensemble du visage et du cou. \u00c9mulsionner-le et rincer-le abondamment \u00e0 l\u2019eau.<br \/>\nTerminer votre nettoyage en tonifiant votre peau avec un Hydrol\u00e9 adapt\u00e9. S\u00e9cher votre peau \u00e0 l\u2019aide d\u2019un mouchoir en papier.<\/font><\/p>\n<p>\n","protected":false},"featured_media":194624,"comment_status":"closed","ping_status":"closed","template":"","meta":[],"product_brand":[],"product_cat":[30,26,32,27],"product_tag":[],"class_list":{"0":"post-194622","1":"product","2":"type-product","3":"status-publish","4":"has-post-thumbnail","6":"product_cat-bio","7":"product_cat-visage","8":"product_cat-demaquillant-et-nettoyant","9":"product_cat-phyts","11":"first","12":"instock","13":"taxable","14":"shipping-taxable","15":"purchasable","16":"product-type-simple"},"_links":{"self":[{"href":"https:\/\/qosmeo.fr\/index.php\/wp-json\/wp\/v2\/product\/194622","targetHints":{"allow":["GET"]}}],"collection":[{"href":"https:\/\/qosmeo.fr\/index.php\/wp-json\/wp\/v2\/product"}],"about":[{"href":"https:\/\/qosmeo.fr\/index.php\/wp-json\/wp\/v2\/types\/product"}],"replies":[{"embeddable":true,"href":"https:\/\/qosmeo.fr\/index.php\/wp-json\/wp\/v2\/comments?post=194622"}],"wp:featuredmedia":[{"embeddable":true,"href":"https:\/\/qosmeo.fr\/index.php\/wp-json\/wp\/v2\/media\/194624"}],"wp:attachment":[{"href":"https:\/\/qosmeo.fr\/index.php\/wp-json\/wp\/v2\/media?parent=194622"}],"wp:term":[{"taxonomy":"product_brand","embeddable":true,"href":"https:\/\/qosmeo.fr\/index.php\/wp-json\/wp\/v2\/product_brand?post=194622"},{"taxonomy":"product_cat","embeddable":true,"href":"https:\/\/qosmeo.fr\/index.php\/wp-json\/wp\/v2\/product_cat?post=194622"},{"taxonomy":"product_tag","embeddable":true,"href":"https:\/\/qosmeo.fr\/index.php\/wp-json\/wp\/v2\/product_tag?post=194622"}],"curies":[{"name":"wp","href":"https:\/\/api.w.org\/{rel}","templated":true}]}}